lse
Is 33917 prime?
False
Is 152455 a prime number?
False
Is 9565 a prime number?
False
Is 40093 a composite number?
False
Is 2575871 composite?
False
Is 13791 a prime number?
False
Is 11851 a prime number?
False
Is 263818 a prime number?
False
Is 1838 prime?
False
Is 379 composite?
False
Is 93733 composite?
True
Is 11723 composite?
True
Is 138821 composite?
False
Is 343127 a composite number?
False
Is 54521 a prime number?
True
Is 4609 a prime number?
False
Is 332651 a prime number?
False
Is 1771855 composite?
True
Is 2741 prime?
True
Is 80219 a composite number?
True
Is 2735 a composite number?
True
Is 1109257 prime?
True
Is 13009 a composite number?
False
Is 64709 composite?
False
Is 15253 a prime number?
False
Is 75659 prime?
True
Is 441761 a composite number?
True
Is 570217 a composite number?
False
Is 138791 composite?
True
Is 15877 prime?
True
Is 10183 a prime number?
False
Is 84547 composite?
True
Is 8129 a composite number?
True
Is 22331 a composite number?
True
Is 322939 a composite number?
False
Is 228205 a composite number?
True
Is 12269 prime?
True
Is 480067 a prime number?
False
Is 1032943 prime?
True
Is 182057 a composite number?
False
Is 941569 composite?
True
Is 4117 prime?
False
Is 43841 a prime number?
False
Is 48731 prime?
True
Is 311485 composite?
True
Is 345841 prime?
False
Is 1776011 a composite number?
False
Is 50851 a composite number?
True
Is 52079 a composite number?
True
Is 7899 composite?
True
Is 9143 a prime number?
False
Is 1393 composite?
True
Is 21799 composite?
False
Is 10357 a composite number?
False
Is 517 a composite number?
True
Is 187267 composite?
True
Is 9263 a prime number?
False
Is 62641 prime?
False
Is 20317 prime?
False
Is 64849 a prime number?
True
Is 2127599 a composite number?
True
Is 169217 a prime number?
True
Is 62071 a composite number?
False
Is 5953 a composite number?
False
Is 477863 a composite number?
False
Is 119893 a prime number?
False
Is 499 composite?
False
Is 69614 a composite number?
True
Is 11257 a composite number?
False
Is 9131 a composite number?
True
Is 44153 a composite number?
True
Is 346529 prime?
True
Is 32647 a composite number?
False
Is 3989 a composite number?
False
Is 25031 a prime number?
True
Is 141539 a composite number?
False
Is 4091 prime?
True
Is 23663 composite?
False
Is 11549 composite?
False
Is 23549 prime?
True
Is 827581 composite?
False
Is 4829 prime?
False
Is 679511 a composite number?
True
Is 13441 composite?
False
Is 10687 prime?
True
Is 10823 composite?
True
Is 20129 a prime number?
True
Is 59759 composite?
True
Is 1716959 a prime number?
False
Is 9467 composite?
False
Is 1960435 composite?
True
Is 8882 composite?
True
Is 700627 a composite number?
False
Is 39407 prime?
False
Is 83669 a composite number?
True
Is 24443 a composite number?
False
Is 15829 prime?
False
Is 16129 a prime number?
False
Is 192599 a composite number?
True
Is 93851 composite?
False
Is 12239 a prime number?
True
Is 12451 prime?
True
Is 60343 a composite number?
False
Is 110283 composite?
True
Is 32061 prime?
False
Is 60985 prime?
False
Is 31303 prime?
False
Is 2833 a prime number?
True
Is 199559 a composite number?
False
Is 26557 a composite number?
False
Is 2862109 prime?
True
Is 114547 a composite number?
False
Is 701 a prime number?
True
Is 5293 composite?
True
Is 36973 composite?
False
Is 12047 a prime number?
False
Is 1247914 a prime number?
False
Is 109207 a prime number?
False
Is 43151 a prime number?
True
Is 49057 composite?
False
Is 16319 composite?
False
Is 161531 a prime number?
True
Is 36599 a prime number?
True
Is 192719 prime?
False
Is 6157 composite?
True
Is 3677101 composite?
False
Is 3181 a composite number?
False
Is 739 a prime number?
True
Is 111767 a prime number?
True
Is 17783 a prime number?
True
Is 13683 composite?
True
Is 3579515 prime?
False
Is 572498 composite?
True
Is 7452403 a prime number?
False
Is 3098 a composite number?
True
Is 22298 a composite number?
True
Is 133913 composite?
True
Is 268033 prime?
False
Is 198461 a composite number?
False
Is 60589 prime?
True
Is 3781 a prime number?
False
Is 6217 a composite number?
False
Is 1535 composite?
True
Is 12977 prime?
False
Is 19199 a composite number?
True
Is 532417 a prime number?
True
Is 23181 a composite number?
True
Is 273887 a composite number?
True
Is 1153849 a composite number?
False
Is 650987 a composite number?
False
Is 69653 composite?
False
Is 242971 a composite number?
False
Is 6663 a composite number?
True
Is 44867 prime?
True
Is 230929 a prime number?
True
Is 26473 a composite number?
True
Is 39 a prime number?
False
Is 9977 prime?
False
Is 16127 prime?
True
Is 75657 composite?
True
Is 581929 prime?
False
Is 615179 composite?
True
Is 64109 a composite number?
False
Is 3030187 a prime number?
False
Is 89151 composite?
True
Is 1087 a prime number?
True
Is 52907 prime?
False
Is 56483 prime?
False
Is 24329 prime?
True
Is 9199 a composite number?
False
Is 47777 prime?
True
Is 6317 a composite number?
False
Is 49429 a composite number?
False
Is 5557 a prime number?
True
Is 108727 prime?
True
Is 523169 prime?
True
Is 4781 prime?
False
Is 6767 composite?
True
Is 880853 a prime number?
True
Is 5471 a prime number?
True
Is 12143 a prime number?
True
Is 149 a prime number?
True
Is 17519 composite?
False
Is 1769743 composite?
True
Is 145627 a prime number?
False
Is 2196463 composite?
True
Is 2741 composite?
False
Is 43249 a prime number?
False
Is 36323 a prime number?
False
Is 39554 a composite number?
True
Is 10739 a composite number?
False
Is 430999 a prime number?
True
Is 578947 composite?
True
Is 8705 composite?
True
Is 10873 a prime number?
False
Is 68657 composite?
True
Is 154103 composite?
True
Is 4427 prime?
False
Is 648433 composite?
False
Is 36523 a composite number?
False
Is 587 a prime number?
True
Is 168719 composite?
False
Is 4195 composite?
True
Is 78211 prime?
False
Is 159623 composite?
False
Is 7039 a prime number?
True
Is 745343 composite?
False
Is 1159611 composite?
True
Is 638453 a composite number?
False
Is 53107 a composite number?
True
Is 420055 prime?
False
Is 66919 a prime number?
True
Is 15891 composite?
True
Is 337099 a composite number?
True
Is 5435 composite?
True
Is 614 a composite number?
True
Is 85366 a prime number?
False
Is 3598337 a composite number?
False
Is 12511 composite?
False
Is 578509 a composite number?
False
Is 49001 a composite number?
True
Is 479 a prime number?
True
Is 73643 prime?
True
Is 13483 a prime number?
False
Is 12286 a prime number?
False
Is 46231 a composite number?
True
Is 379 prime?
True
Is 10151 a composite number?
False
Is 24347 composite?
True
Is 151367 a prime number?
False
Is 68422 a composite number?
True
Is 48673 composite?
False
Is 985315 composite?
True
Is 21363 a prime number?
False
Is 970709 a prime number?
False
Is 40031 a composite number?
False
Is 34793 a prime number?
False
Is 2221 a prime number?
True
Is 8885 composite?
True
Is 38314 a composite number?
True
Is 72073 a composite number?
False
Is 136627 prime?
False
Is 257429 prime?
False
Is 1568495 composite?
True
Is 199345 prime?
False
Is 382895 a prime number?
False
Is 41443 prime?
True
Is 693317 prime?
True
Is 14051 a composite number?
False
Is 2329 a composite number?
True
Is 93941 prime?
True
Is 25393 a composite number?
True
Is 33591 composite?
True
Is 29119 a prime number?
False
Is 222631 a composite number?
True
Is 3595 a composite number?
True
Is 35597 a prime number?
True
Is 1055807 prime?
False
Is 263801 prime?
False
Is 388501 prime?
False
Is 2071191 composite?
True
Is 10942 a prime number?
False
Is 2227 composite?
True
Is 75149 a composite number?
False
Is 918421 a composite number?
True
Is 4597 a composite number?
False
Is 15013 composite?
False
Is 25199 a prime number?
False
Is 5197 composite?
False
Is 162993 composite?
True
Is 787 composite?
False
Is 62459 prime?
True
Is 2162821 prime?
True
Is 1657 composite?
False
Is 17057 a composite number?
True
Is 12946 composite?
True
Is 8009 composite?
False
Is 23314 composite?
True
Is 294547 a composite number?
True
Is 347129 composite?
False
Is 2767405 prime?
False
Is 85469 a prime number?
True
Is 659653 a prime number?
True
Is 103637 a prime number?
False
Is 49853 composite?
False
Is 3557 a prime number?
True
Is 705